{"id":237,"date":"2017-06-07T23:54:35","date_gmt":"2017-06-07T21:54:35","guid":{"rendered":"https:\/\/hulyaalaybeyoglu.com.tr\/?page_id=237"},"modified":"2019-12-13T10:04:23","modified_gmt":"2019-12-13T08:04:23","slug":"hakkimda","status":"publish","type":"page","link":"https:\/\/hulyaalaybeyoglu.com.tr\/index.php\/hakkimda\/","title":{"rendered":"Hakk\u0131mda"},"content":{"rendered":"<p>H\u00fclya Alaybeyo\u011flu, Ordu\u2019nun \u00dcnye il\u00e7esinde do\u011fmu\u015ftur. \u0130lk ve orta \u00f6\u011fretimini \u00dcnye\u2019de tamamlam\u0131\u015ft\u0131r. Anadolu \u00dcniversitesi Kamu Y\u00f6netimi\u2019nden mezun olmu\u015ftur. Kocaeli \u00dcniversitesi \u0130leti\u015fim Bilimleri\u2019nde \u201c\u0130leti\u015fim Tasar\u0131m\u0131 ve Bili\u015fim Teknolojileri\u201d b\u00f6l\u00fcm\u00fcnde y\u00fcksek lisans yapm\u0131\u015ft\u0131r.<\/p>\n<p>St. Clements University Klinik Psikolojisi alan\u0131nda doktoras\u0131n\u0131 \u201cDepresyona Neden Olan Depresif Duygu, D\u00fc\u015f\u00fcnce ve Davran\u0131\u015f\u0131n Ya\u015fam S\u00fcre\u00e7lerine Etkisi ve Ki\u015filerin \u201cAn\u201d Ge\u00e7mi\u015f ve Gelecek Zaman Birimlerine Sa\u011fl\u0131kl\u0131 ve Sa\u011fl\u0131ks\u0131z Odaklanma Pozisyonlar\u0131\u201d konulu tez ile tamamlam\u0131\u015ft\u0131r. \u00d6zel sekt\u00f6rde gazete ve dergi yay\u0131m\u0131nda, yay\u0131n kurulunda bulunmu\u015f ve yaz\u0131 i\u015fleri m\u00fcd\u00fcrl\u00fc\u011f\u00fc yapm\u0131\u015ft\u0131r. Ayr\u0131ca bir firman\u0131n ad\u0131na dergi sahipli\u011fi g\u00f6revini \u00fcstlenmi\u015ftir.<\/p>\n<p>\u0130ki ayr\u0131 firmada y\u00f6netim kurulu \u00fcyesi olarak faaliyet g\u00f6stermi\u015ftir.<\/p>\n<p>M\u00fc\u015fteri ili\u015fkileri y\u00f6netimi taraf\u0131nda faaliyet g\u00f6steren bir firmada &#8220;E\u011fitim Dan\u0131\u015fmanl\u0131\u011f\u0131&#8221; yapmaktad\u0131r.<\/p>\n<h6><span style=\"color: #ffffff;\">Ya\u015fam Ko\u00e7u, ko\u00e7, ko\u00e7luk deste\u011fi, uzman ko\u00e7luk, bireysel ko\u00e7luk,&nbsp;aile ko\u00e7lu\u011fu, Tak\u0131nt\u0131, Kayg\u0131, Panik, s\u0131k\u0131nt\u0131, mutsuzluk, Depresif, kurumsal ko\u00e7luk, ko\u00e7 ar\u0131yorum, ko\u00e7luk e\u011fitimi, \u00f6\u011frenci ko\u00e7u, uzman deste\u011fi,&nbsp;<\/span><\/h6>\n<h5>E\u011fitim, Staj, Seminer ve Konferanslar:<\/h5>\n<p>-Psikolojika Terapi ve E\u011fitim Merkezi\u2019nde Uluslararas\u0131 NLP ve Profesyonel Ko\u00e7luk E\u011fitimi<br \/>\n-Gazi \u00fcniversitesi t\u0131p fak\u00fcltesi hastanesi psikiyatri b\u00f6l\u00fcm\u00fcnde staj<br \/>\n-Psikonet Psikoterapi E\u011fitim Merkezi\u2019nde \u015eema Terapi: Model ve Teknikler, Borderline ve Narsistlik Ki\u015filik Bozukluklar\u0131nda \u015eema Terapi Uygulamalar\u0131 E\u011fitimi<br \/>\n-\u201cMeslekleraras\u0131 Koordinasyon Bilimsel Program\u0131&#8221; E\u011fitimi<br \/>\n-\u201c\u00c7iftel Sistem \u0130li\u015fkileri A\u00e7\u0131s\u0131ndan U+H Sistemi (\u0130rade)\u201d E\u011fitimi<br \/>\n-\u201cProjelerde Kullan\u0131lan Mant\u0131ksal Kabuller ve \u0130\u015flemsel \u00d6rnekler\u201d E\u011fitimi<br \/>\n-\u201c\u0130\u015f Hayat\u0131nda Ba\u015far\u0131l\u0131 Olma ve Kendini Geli\u015ftirme\u201d konulu seminerler<br \/>\n-\u201cBilin\u00e7sel Geli\u015fim ve Bilin\u00e7sel Sistemimiz\u201d konulu seminerler<br \/>\n-\u201cBilin\u00e7sel Sistemimiz ve Kullan\u0131m\u0131&#8221; konulu Konferanslar<br \/>\n-\u201cBilincin Geli\u015ftirilmesi ve Potansiyel Bilin\u00e7&#8221; konulu seminerler<\/p>\n<h5><span style=\"color: #ffffff;\">Ya\u015fam Ko\u00e7u, ko\u00e7, ko\u00e7luk deste\u011fi, uzman ko\u00e7luk, bireysel ko\u00e7luk,&nbsp;aile ko\u00e7lu\u011fu, Tak\u0131nt\u0131, Kayg\u0131, Panik, s\u0131k\u0131nt\u0131, mutsuzluk, Depresif, kurumsal ko\u00e7luk, ko\u00e7 ar\u0131yorum, ko\u00e7luk e\u011fitimi, \u00f6\u011frenci ko\u00e7u, uzman deste\u011fi,&nbsp;<\/span><\/h5>\n","protected":false},"excerpt":{"rendered":"<p>H\u00fclya Alaybeyo\u011flu, Ordu\u2019nun \u00dcnye il\u00e7esinde do\u011fmu\u015ftur. \u0130lk ve orta \u00f6\u011fretimini \u00dcnye\u2019de tamamlam\u0131\u015ft\u0131r. Anadolu \u00dcniversitesi Kamu Y\u00f6netimi\u2019nden mezun olmu\u015ftur. Kocaeli \u00dcniversitesi \u0130leti\u015fim Bilimleri\u2019nde \u201c\u0130leti\u015fim Tasar\u0131m\u0131 ve Bili\u015fim Teknolojileri\u201d b\u00f6l\u00fcm\u00fcnde y\u00fcksek lisans yapm\u0131\u015ft\u0131r. St. Clements University Klinik Psikolojisi alan\u0131nda doktoras\u0131n\u0131 \u201cDepresyona Neden Olan Depresif Duygu, D\u00fc\u015f\u00fcnce ve Davran\u0131\u015f\u0131n Ya\u015fam S\u00fcre\u00e7lerine Etkisi ve Ki\u015filerin \u201cAn\u201d Ge\u00e7mi\u015f ve Gelecek [&hellip;]<\/p>\n","protected":false},"author":1,"featured_media":0,"parent":0,"menu_order":0,"comment_status":"closed","ping_status":"closed","template":"","meta":{"om_disable_all_campaigns":false,"_monsterinsights_skip_tracking":false,"_monsterinsights_sitenote_active":false,"_monsterinsights_sitenote_note":"","_monsterinsights_sitenote_category":0,"ngg_post_thumbnail":0,"footnotes":""},"class_list":["post-237","page","type-page","status-publish","hentry","post"],"aioseo_notices":[],"_links":{"self":[{"href":"https:\/\/hulyaalaybeyoglu.com.tr\/index.php\/wp-json\/wp\/v2\/pages\/237","targetHints":{"allow":["GET"]}}],"collection":[{"href":"https:\/\/hulyaalaybeyoglu.com.tr\/index.php\/wp-json\/wp\/v2\/pages"}],"about":[{"href":"https:\/\/hulyaalaybeyoglu.com.tr\/index.php\/wp-json\/wp\/v2\/types\/page"}],"author":[{"embeddable":true,"href":"https:\/\/hulyaalaybeyoglu.com.tr\/index.php\/wp-json\/wp\/v2\/users\/1"}],"replies":[{"embeddable":true,"href":"https:\/\/hulyaalaybeyoglu.com.tr\/index.php\/wp-json\/wp\/v2\/comments?post=237"}],"version-history":[{"count":24,"href":"https:\/\/hulyaalaybeyoglu.com.tr\/index.php\/wp-json\/wp\/v2\/pages\/237\/revisions"}],"predecessor-version":[{"id":858,"href":"https:\/\/hulyaalaybeyoglu.com.tr\/index.php\/wp-json\/wp\/v2\/pages\/237\/revisions\/858"}],"wp:attachment":[{"href":"https:\/\/hulyaalaybeyoglu.com.tr\/index.php\/wp-json\/wp\/v2\/media?parent=237"}],"curies":[{"name":"wp","href":"https:\/\/api.w.org\/{rel}","templated":true}]}}