{"id":485,"date":"2018-04-23T19:10:15","date_gmt":"2018-04-23T17:10:15","guid":{"rendered":"https:\/\/hulyaalaybeyoglu.com.tr\/?page_id=485"},"modified":"2022-05-13T23:08:22","modified_gmt":"2022-05-13T21:08:22","slug":"videolar","status":"publish","type":"page","link":"https:\/\/hulyaalaybeyoglu.com.tr\/index.php\/videolar\/","title":{"rendered":"Videolar"},"content":{"rendered":"<p><a href=\"https:\/\/www.youtube.com\/watch?v=EfMP03aod_Y&amp;t=516s\"><span style=\"color: #ff0000;\"><strong>1-Beyaz TV &#8211; &#8220;\u0130yi ki Vars\u0131n&#8221; Program\u0131 <\/strong><\/span><span style=\"text-decoration: underline;\"><span style=\"color: #00ff00; text-decoration: underline;\"><strong>( resim \u00fczerine t\u0131klay\u0131n\u0131z)<\/strong><\/span><\/span><\/a><\/p>\n<p><a href=\"https:\/\/www.youtube.com\/watch?v=EfMP03aod_Y&amp;t=516s\" target=\"_blank\" rel=\"noopener\"><img loading=\"lazy\" decoding=\"async\" class=\"alignnone wp-image-891 size-medium\" src=\"https:\/\/hulyaalaybeyoglu.com.tr\/wp-content\/uploads\/2022\/05\/businesschannel-300x168.jpg\" alt=\"\" width=\"300\" height=\"168\" srcset=\"https:\/\/hulyaalaybeyoglu.com.tr\/wp-content\/uploads\/2022\/05\/businesschannel-300x168.jpg 300w, https:\/\/hulyaalaybeyoglu.com.tr\/wp-content\/uploads\/2022\/05\/businesschannel-768x430.jpg 768w, https:\/\/hulyaalaybeyoglu.com.tr\/wp-content\/uploads\/2022\/05\/businesschannel.jpg 854w\" sizes=\"auto, (max-width: 300px) 100vw, 300px\" \/><\/a><\/p>\n<p>&nbsp;<\/p>\n<p><a href=\"https:\/\/www.youtube.com\/watch?v=KF7M6z6Hasw\"><span style=\"color: #ff0000;\"><strong>2-Panik Atak Korkusu&nbsp;<\/strong><\/span><\/a><strong><a href=\"https:\/\/www.youtube.com\/watch?v=KF7M6z6Hasw\"><span style=\"text-decoration: underline;\"><span style=\"color: #00ff00; text-decoration: underline;\">( resim \u00fczerine t\u0131klay\u0131n\u0131z)<\/span><\/span><\/a><\/strong><\/p>\n<p><a href=\"https:\/\/www.youtube.com\/watch?v=KF7M6z6Hasw\"><img loading=\"lazy\" decoding=\"async\" class=\"alignnone wp-image-893 size-full\" src=\"https:\/\/hulyaalaybeyoglu.com.tr\/wp-content\/uploads\/2022\/05\/panikatakkorkusu.jpg\" alt=\"\" width=\"266\" height=\"144\"><\/a><\/p>\n<p>&nbsp;<\/p>\n<p><a href=\"https:\/\/www.youtube.com\/watch?v=FLKdMESwdso\"><span style=\"color: #ff0000;\"><strong>3-Tak\u0131nt\u0131 Nas\u0131l Ge\u00e7er&nbsp;<\/strong><\/span><\/a><strong><a href=\"https:\/\/www.youtube.com\/watch?v=FLKdMESwdso\"><span style=\"text-decoration: underline;\"><span style=\"color: #00ff00; text-decoration: underline;\">( resim \u00fczerine t\u0131klay\u0131n\u0131z)<\/span><\/span><\/a><\/strong><\/p>\n<p><a href=\"https:\/\/www.youtube.com\/watch?v=FLKdMESwdso\"><img loading=\"lazy\" decoding=\"async\" class=\"alignnone wp-image-892 size-full\" src=\"https:\/\/hulyaalaybeyoglu.com.tr\/wp-content\/uploads\/2022\/05\/takintinasilgecer.jpg\" alt=\"\" width=\"266\" height=\"144\"><\/a><\/p>\n","protected":false},"excerpt":{"rendered":"<p>1-Beyaz TV &#8211; &#8220;\u0130yi ki Vars\u0131n&#8221; Program\u0131 ( resim \u00fczerine t\u0131klay\u0131n\u0131z) &nbsp; 2-Panik Atak Korkusu&nbsp;( resim \u00fczerine t\u0131klay\u0131n\u0131z) &nbsp; 3-Tak\u0131nt\u0131 Nas\u0131l Ge\u00e7er&nbsp;( resim \u00fczerine t\u0131klay\u0131n\u0131z)<\/p>\n","protected":false},"author":1,"featured_media":0,"parent":0,"menu_order":0,"comment_status":"closed","ping_status":"closed","template":"","meta":{"om_disable_all_campaigns":false,"_monsterinsights_skip_tracking":false,"_monsterinsights_sitenote_active":false,"_monsterinsights_sitenote_note":"","_monsterinsights_sitenote_category":0,"ngg_post_thumbnail":0,"footnotes":""},"class_list":["post-485","page","type-page","status-publish","hentry","post"],"aioseo_notices":[],"_links":{"self":[{"href":"https:\/\/hulyaalaybeyoglu.com.tr\/index.php\/wp-json\/wp\/v2\/pages\/485","targetHints":{"allow":["GET"]}}],"collection":[{"href":"https:\/\/hulyaalaybeyoglu.com.tr\/index.php\/wp-json\/wp\/v2\/pages"}],"about":[{"href":"https:\/\/hulyaalaybeyoglu.com.tr\/index.php\/wp-json\/wp\/v2\/types\/page"}],"author":[{"embeddable":true,"href":"https:\/\/hulyaalaybeyoglu.com.tr\/index.php\/wp-json\/wp\/v2\/users\/1"}],"replies":[{"embeddable":true,"href":"https:\/\/hulyaalaybeyoglu.com.tr\/index.php\/wp-json\/wp\/v2\/comments?post=485"}],"version-history":[{"count":15,"href":"https:\/\/hulyaalaybeyoglu.com.tr\/index.php\/wp-json\/wp\/v2\/pages\/485\/revisions"}],"predecessor-version":[{"id":894,"href":"https:\/\/hulyaalaybeyoglu.com.tr\/index.php\/wp-json\/wp\/v2\/pages\/485\/revisions\/894"}],"wp:attachment":[{"href":"https:\/\/hulyaalaybeyoglu.com.tr\/index.php\/wp-json\/wp\/v2\/media?parent=485"}],"curies":[{"name":"wp","href":"https:\/\/api.w.org\/{rel}","templated":true}]}}